1
What is the remainder when 4156 is divided by 2057?
42
What is the remainder when 69046 is divided by 42?
40
Calculate the remainder when 809 is divided by 443.
366
Calculate the remainder when 65814 is divided by 33.
12
Calculate the remainder when 17826 is divided by 16.
2
Calculate the remainder when 89240 is divided by 201.
197
Calculate the remainder when 3404 is divided by 68.
4
What is the remainder when 5215 is divided by 120?
55
What is the remainder when 3142437 is divided by 580?
577
What is the remainder when 29996 is divided by 647?
234
What is the remainder when 181121 is divided by 15?
11
Calculate the remainder when 36336 is divided by 932.
920
What is the remainder when 2009 is divided by 1959?
50
What is the remainder when 13350 is divided by 6675?
0
What is the remainder when 67574 is divided by 44?
34
What is the remainder when 75478 is divided by 417?
1
Calculate the remainder when 32689 is divided by 10893.
10
What is the remainder when 114826 is divided by 57409?
8
What is the remainder when 9955 is divided by 2071?
1671
What is the remainder when 19367 is divided by 841?
24
Calculate the remainder when 243 is divided by 155.
88
What is the remainder when 2090481 is divided by 132?
129
Calculate the remainder when 949667 is divided by 5.
2
What is the remainder when 3852 is divided by 99?
90
What is the remainder when 9003 is divided by 19?
16
Calculate the remainder when 670030 is divided by 202.
198
What is the remainder when 16629 is divided by 124?
13
What is the remainder when 464859 is divided by 22?
21
What is the remainder when 233038 is divided by 53?
50
What is the remainder when 739190 is divided by 210?
200
Calculate the remainder when 72124 is divided by 9015.
4
Calculate the remainder when 12574 is divided by 88.
78
What is the remainder when 237046 is divided by 168?
166
What is the remainder when 370995 is divided by 25?
20
Calculate the remainder when 154545 is divided by 107.
37
What is the remainder when 24269 is divided by 1866?
11
Calculate the remainder when 83977 is divided by 10496.
9
Calculate the remainder when 1158 is divided by 774.
384
Calculate the remainder when 21557 is divided by 392.
389
Calculate the remainder when 56837 is divided by 194.
189
Calculate the remainder when 1869 is divided by 50.
19
Calculate the remainder when 56786 is divided by 96.
50
Calculate the remainder when 56333 is divided by 2953.
226
Calculate the remainder when 1830321 is divided by 1201.
1198
Calculate the remainder when 15318 is divided by 176.
6
Calculate the remainder when 113335 is divided by 59.
55
Calculate the remainder when 237084 is divided by 262.
236
Calculate the remainder when 153060 is divided by 76528.
4
What is the remainder when 4321 is divided by 1772?
777
Calculate the remainder when 95787 is divided by 315.
27
What is the remainder when 4297 is divided by 961?
453
What is the remainder when 394310 is divided by 24?
14
Calculate the remainder when 16504 is divided by 57.
31
What is the remainder when 31840 is divided by 122?
120
What is the remainder when 4257 is divided by 43?
0
What is the remainder when 18982 is divided by 60?
22
What is the remainder when 10823 is divided by 10806?
17
What is the remainder when 4127 is divided by 4108?
19
Calculate the remainder when 58247 is divided by 19.
12
Calculate the remainder when 2066 is divided by 412.
6
Calculate the remainder when 20246 is divided by 51.
50
Calculate the remainder when 167552 is divided by 47.
44
Calculate the remainder when 16226 is divided by 1244.
54
What is the remainder when 916744 is divided by 5?
4
Calculate the remainder when 112301 is divided by 15.
11
Calculate the remainder when 51142 is divided by 49.
35
What is the remainder when 11016674 is divided by 2479?
2477
Calculate the remainder when 258956 is divided by 830.
826
What is the remainder when 141735 is divided by 11811?
3
What is the remainder when 280384 is divided by 93443?
55
What is the remainder when 1024 is divided by 946?
78
Calculate the remainder when 2645 is divided by 2614.
31
Calculate the remainder when 458459 is divided by 80.
59
Calculate the remainder when 67712 is divided by 78.
8
Calculate the remainder when 103227 is divided by 11466.
33
Calculate the remainder when 4315 is divided by 1314.
373
What is the remainder when 456818 is divided by 25?
18
Calculate the remainder when 4942 is divided by 4441.
501
What is the remainder when 1378 is divided by 72?
10
Calculate the remainder when 7956 is divided by 4825.
3131
Calculate the remainder when 61835 is divided by 20603.
26
What is the remainder when 87625 is divided by 321?
313
What is the remainder when 23739 is divided by 201?
21
Calculate the remainder when 17492 is divided by 12.
8
Calculate the remainder when 29232 is divided by 1623.
18
Calculate the remainder when 520 is divided by 461.
59
What is the remainder when 1472619 is divided by 290?
289
What is the remainder when 115958 is divided by 159?
47
What is the remainder when 1157555 is divided by 12?
11
What is the remainder when 842570 is divided by 51?
50
What is the remainder when 51966 is divided by 2735?
1
What is the remainder when 177697 is divided by 50?
47
What is the remainder when 37510 is divided by 12?
10
What is the remainder when 49167 is divided by 24579?
9
What is the remainder when 61328 is divided by 76?
72
What is the remainder when 326 is divided by 34?
20
What is the remainder when 364239 is divided by 30?
9
Calculate the remainder when 5462 is divided by 8.
6
What is the remainder when 5127 is divided by 269?
16
Calculate the remainder when 33526 is divided by 70.
66
Calculate the remainder when 394446 is divided by 79.
78
Calculate the remainder when 3637 is divided by 396.
73
Calculate the remainder when 2613 is divided by 55.
28
What is the remainder when 15534 is divided by 317?
1
What is the remainder when 5442 is divided by 78?
60
What is the remainder when 7930 is divided by 237?
109
What is the remainder when 230255 is divided by 9?
8
What is the remainder when 1307 is divided by 681?
626
Calculate the remainder when 10631 is divided by 112.
103
What is the remainder when 22413 is divided by 3734?
9
Calculate the remainder when 35821 is divided by 16.
13
What is the remainder when 5446 is divided by 1773?
127
What is the remainder when 2426 is divided by 1150?
126
Calculate the remainder when 561701 is divided by 186.
167
Calculate the remainder when 45324 is divided by 29.
26
Calculate the remainder when 6907 is divided by 1099.
313
Calculate the remainder when 113752 is divided by 472.
0
What is the remainder when 27126 is divided by 577?
7
What is the remainder when 82814 is divided by 2671?
13
Calculate the remainder when 6360 is divided by 55.
35
Calculate the remainder when 514526 is divided by 30.
26
Calculate the remainder when 532 is divided by 80.
52
Calculate the remainder when 56493 is divided by 926.
7
Calculate the remainder when 35991 is divided by 56.
39
What is the remainder when 81132 is divided by 7?
2
What is the remainder when 1534 is divided by 553?
428
What is the remainder when 6333 is divided by 1009?
279
Calculate the remainder when 8503 is divided by 970.
743
Calculate the remainder when 132409 is divided by 1471.
19
Calculate the remainder when 110780 is divided by 1166.
10
Calculate the remainder when 365457 is divided by 39.
27
Calculate the remainder when 30490 is divided by 372.
358
Calculate the remainder when 990007 is divided by 8250.
7
Calculate the remainder when 110013 is divided by 67.
66
What is the remainder when 455944 is divided by 23?
15
What is the remainder when 174738 is divided by 34946?
8
Calculate the remainder when 10420 is divided by 157.
58
Calculate the remainder when 21822 is divided by 1539.
276
Calculate the remainder when 47043 is divided by 11752.
35
Calculate the remainder when 7012 is divided by 156.
148
Calculate the remainder when 683 is divided by 6.
5
What is the remainder when 467 is divided by 80?
67
Calculate the remainder when 168356 is divided by 30.
26
Calculate the remainder when 3346 is divided by 1349.
648
Calculate the remainder when 70949 is divided by 35471.
7
What is the remainder when 2706 is divided by 387?
384
